 What is the remainder when 6298 is divided by h(20)?
10
Let m(n) = -3*n**2 - 3*n - 44. Let z be m(-9). Let r = z - -290. Suppose 0 = v - 22 - 127. Calculate the remainder when v is divided by r.
29
Let z(q) = -26*q - 176. Let x(m) = 6*m + 35. Let w(k) = 11*x(k) + 2*z(k). Calculate the remainder when w(25) is divided by 48.
47
Let x = 354 - 233. Suppose x*z + 75 = 124*z. Suppose -r = 5*l - 15 - 208, -3*r - 96 = -2*l. Calculate the remainder when l is divided by z.
20
Let g = -48 - -51. Let u be (-213)/(-5) - -4*g/30. Suppose -h = z - u, 43 = -7*z + 8*z - 5*h. Calculate the remainder when z is divided by 24.
19
Suppose 39 = 2*p - 3*b, -2*b + 8 - 14 = 0. Suppose -7*u + 176 = p*u. What is the remainder when 103 is divided by u?
7
Let b(r) = -r**3 - 44*r**2 - 414*r - 307. What is the remainder when 5846 is divided by b(-31)?
32
Let x(l) = -l**3 + 2*l**2 - 3*l + 556. Calculate the remainder when x(0) is divided by 5.
1
Let y = -246 - -250. Suppose -2*h - 1968 = -5*h - y*l, 0 = 4*l. Calculate the remainder when h is divided by 73.
72
Let x = -30 - -82. Suppose -d = 9*d - 1340. Suppose 9*h + 35 = d. What is the remainder when x is divided by h?
8
Let r(x) = -4*x - 17. Let s be r(-6). Suppose 0 = 3*u - 4*u + s. What is the remainder when 46 is divided by 49/2 + -4 + u/2?
22
Suppose h + 98 - 26 = 0. Calculate the remainder when 140 is divided by -1 + 15 + h/24.
8
Let d = -230 - -226. Suppose 2*i = i + 76. What is the remainder when i is divided by (-24 + 11 - -7)/(d/18)?
22
Let v = -14495 + 14569. What is the remainder when 193 is divided by v?
45
Suppose 4*b - 3*q - 130 = 0, -15 - 17 = -b + q. Let p(f) = 4*f + 133. Let t be p(-30). Calculate the remainder when b is divided by t - 308/(-33) - 4/(-6).
11
Suppose 3*s + 2*s = 3*y - 145, 2*s = -y + 63. Suppose 39 + 167 = 2*l - 5*w, -w + 434 = 4*l. Calculate the remainder when l is divided by y.
53
Let g(z) = -2*z + 2. Let f be g(2). Let b(y) = y + 2. Let u be b(f). Suppose -5*n - 71 + 281 = u. Calculate the remainder when n is divided by 5.
2
Let x = 6957 - 6889. What is the remainder when 949 is divided by x?
65
Suppose -12*w + 280 = -8*w - 4*l, -w = 3*l - 90. Let g(o) = 2*o**2 - 2*o. What is the remainder when w is divided by g(-4)?
35
Let l(a) be the first derivative of 4*a**3/3 - 9*a**2/2 - 2*a - 9. Let o(i) be the first derivative of l(i). What is the remainder when o(12) is divided by 30?
27
Suppose 2*v - 60 = -2*s, 10*v - 94 = -3*s + 11*v. Suppose -d + 33 = 2*d. Calculate the remainder when s is divided by d.
9
Suppose -2 = j + 2*w - 6*w, 16 = j + 2*w. Let b = -14 + 23. Suppose -4*i - 135 = -b*i. What is the remainder when i is divided by j?
7
Let b = 5900 - 5238. Calculate the remainder when 2003 is divided by b.
17
Suppose -8*g + 4*g + 32 = 0. Suppose -2 = g*i - 522. Suppose 4*m - 117 = -4*j - m, m - 63 = -2*j. Calculate the remainder when i is divided by j.
32
Let y(w) be the first derivative of -16*w**2 - 2*w - 36. What is the remainder when 507 is divided by y(-1)?
27
What is the remainder when 237 is divided by (-84 - 1)/17 - -16?
6
Suppose 64*f - 58*f = -66. Let b = f + -63. Let z = -23 - b. Calculate the remainder when 101 is divided by z.
50
Suppose z = 2*b - 1, -2*b + 15 = b. Suppose -20*g = z*g - 7801. What is the remainder when g is divided by 27?
26
Suppose 27*t - 110 + 94 = 470. Calculate the remainder when 18485 is divided by t.
17
Suppose n - 4*v = 69, 130*n - 129*n - v - 90 = 0. What is the remainder when 145 is divided by n?
48
Let h = 1787 + -1768. What is the remainder when 124 is divided by h?
10
Suppose 3159 = 23*y - 728. What is the remainder when y is divided by 63?
43
Suppose -8*j = -j. Let f(k) = 8*k + 24. Calculate the remainder when 525 is divided by f(j).
21
Let r(s) = s**3 - 8*s**2 - 11*s - 6. Let n be r(9). Let k = n + 115. Let j(y) = -452*y + 483. Calculate the remainder when k is divided by j(1).
29
Let k(u) be the first derivative of 3*u**3 - 13*u**2/2 - 10*u - 53. What is the remainder when k(-3) is divided by 28?
26
Suppose 3*t + 19*g - 16*g - 414 = 0, 0 = 4*g. Calculate the remainder when t is divided by (-10)/(((-6)/4)/3).
18
Suppose -371*i = -395*i + 8328. What is the remainder when i is divided by 45?
32
Let x(t) = -43*t + 611. Calculate the remainder when 279 is divided by x(14).
0
Let d = -31 - -46. Let p = -1290 - -2160. Let a = p + -737. What is the remainder when a is divided by d?
13
Suppose 6175*n - 6172*n = 63. Suppose 3*k - 2*x = 280, 4*k - 5*x - 53 = 325. Suppose k + 232 = 4*y. Calculate the remainder when y is divided by n.
18
Suppose 8*l = m - 24101, m - 16*l - 24051 = -18*l. What is the remainder when m is divided by 53?
52
Suppose -5*g = 2*g - 14. Suppose -2*t = -3*h + 92, -h + g*h = t + 32. Suppose -a - 26 + h = 0. What is the remainder when 5 is divided by a?
1
Let j be (-1)/(-2) + 3/((-18)/(-177)). Calculate the remainder when ((-22)/(-5))/(4/j) is divided by 19.
14
Let i(g) = 12*g + 1. What is the remainder when i(1) is divided by ((-52)/13 + 1)/((-2)/6)?
4
Let d(a) = 5*a**2 + 425*a + 851. What is the remainder when 669 is divided by d(-2)?
18
Let m = 71 + -61. Suppose m*x = 5*x - 90. Calculate the remainder when 59 is divided by (1 - x) + -19 + 16.
11
Let a = 3640 - 3470. Calculate the remainder when a is divided by 113.
57
Suppose 3*u = m + 17, -3*u + 15*m - 11*m = -5. Let c = u + 45. Calculate the remainder when c is divided by 7.
3
Let q be (-33 - 2)*108/(-60). What is the remainder when -10*q/(-18)*(4 + -1) is divided by 23?
13
Let l = -130 + 153. Let j(q) = 11*q - 132. Calculate the remainder when j(l) is divided by 25.
21
Let s = 6 - -243. Let y = 250 - s. Calculate the remainder when 2 is divided by y.
0
Let y = -151 - -104. Suppose -4*o + 37 = 1. Calculate the remainder when y/(5 + -6) + 2 + -2 is divided by o.
2
Let q = -40 + 24. Let k = 24 + q. Let l(m) = 3*m**2 - 23*m - 57. Calculate the remainder when l(10) is divided by k.
5
Let f be (-175)/(-63) - 4/(-18). Suppose f*w - 3*o = 24, 5*w + o - 3 = 61. What is the remainder when 33 is divided by w?
9
What is the remainder when 5 - (1 - 7/3)*(4 + 125) is divided by 74?
29
Let y be -1*(3 + 12/(-2)). What is the remainder when y/((-21)/(-1732)) - (-3)/(-7) is divided by 25?
22
Let w(q) = q**2 + 4*q - 3. Let y be w(4). Suppose 139 = y*k - 383. What is the remainder when k is divided by 6?
0
Let b(h) = -4 - 15 + 21*h + 11 + 8*h. Let n be b(-5). Let p = -58 - n. What is the remainder when p is divided by 24?
23
Let r(y) = y**3 + 10*y**2 - 3*y - 1. Let l be r(-7). Suppose -5*i + l + 88 = 0. Let p = -2175 + 2193. What is the remainder when i is divided by p?
15
Calculate the remainder when (-12)/9*-9*120/36 is divided by (12/8 + -2)*-58.
11
Let y(o) = o**3 + 29*o**2 - 76*o - 148. What is the remainder when y(-31) is divided by 4/(-5)*245/(-2)?
90
Let g = -134 + 204. Suppose l + g = 2*l. What is the remainder when 38 is divided by (200/l)/(2/21*3)?
8
Suppose -2*b + w + 130 + 80 = 0, 2*b - 202 = -w. Suppose -20*o + 25*o + 2*d - 9 = 0, -12 = 4*d. Calculate the remainder when b is divided by o.
1
Let h = -8 + 27. Calculate the remainder when (4/10)/(h/10735) is divided by 23.
19
Let r = 20 - 20. Suppose -5*o + b = -3*b - 4120, -5*o + 3*b + 4125 = r. Suppose -2175 = -11*a + o. What is the remainder when a is divided by 46?
43
Suppose -3*z + 5*c + 143 = 0, 27*z - 29*z = -c - 107. Let f be 6*2*2/3. Suppose f - z = -6*j. Calculate the remainder when 52 is divided by j.
4
What is the remainder when ((-35)/(-70))/((-1)/(-526)) is divided by 22?
21
Let q be 4 + -125 + (4 - -1). Let n = q - -156. What is the remainder when n is divided by 12?
4
Let i(c) = c**3 + 11*c**2 - 6*c + 14. Let t be 7/(-28)*1 - (-46)/(-8). What is the remainder when i(t) is divided by 26?
22
Suppose 0 = -10*j + 4*j + 78. Suppose -7 - j = -x. Let s = 16 - 4. Calculate the remainder when x is divided by s.
8
Let p be ((-6)/4)/(0 - 18/(-48)). Let g(a) = 3*a**2 + a - 4. Let h be g(p). Let o = 47 - h. Calculate the remainder when 21 is divided by o.
0
Suppose -652*z = -651*z - 38. Suppose -o = n - 68 - z, -4*n - o = -412. Calculate the remainder when n is divided by 54.
48
Let u(x) = -5*x + 3. Let n(b) = 3*b + 104. Let s be n(-16). Suppose -s*r = -59*r + 261. Calculate the remainder when r is divided by u(-4).
18
Suppose -10*x 